 factors of 413838806?
2, 1061, 195023
List the prime factors of 30609166.
2, 7, 2186369
What are the prime factors of 2858870986?
2, 19, 53, 26783
List the prime factors of 152696461.
613, 249097
List the prime factors of 156823682.
2, 19, 4126939
What are the prime factors of 7600177756?
2, 97, 19588087
List the prime factors of 482556796.
2, 599, 201401
What are the prime factors of 18105838?
2, 43, 210533
What are the prime factors of 3114931013?
7159, 435107
What are the prime factors of 1040281940?
2, 5, 52014097
What are the prime factors of 32187041?
157, 439, 467
List the prime factors of 1436049890.
2, 5, 11, 31, 353, 1193
What are the prime factors of 1196395384?
2, 4621, 32363
What are the prime factors of 499480674?
2, 3, 7, 11, 1081127
What are the prime factors of 270449503?
270449503
What are the prime factors of 4339273?
59, 73547
What are the prime factors of 5776098658?
2, 11, 6689, 39251
List the prime factors of 43060352.
2, 353, 953
List the prime factors of 1451683850.
2, 5, 29033677
What are the prime factors of 57806842?
2, 109, 265169
List the prime factors of 2445580142.
2, 31, 983, 40127
List the prime factors of 175918944.
2, 3, 683, 2683
List the prime factors of 671804105.
5, 7, 19194403
List the prime factors of 63664941.
3, 67, 383, 827
List the prime factors of 262213113.
3, 6829, 12799
What are the prime factors of 124629582?
2, 3, 7, 11, 269761
List the prime factors of 1649833273.
11, 149984843
What are the prime factors of 1059775274?
2, 17, 19, 1640519
List the prime factors of 765804584.
2, 95725573
List the prime factors of 154939315.
5, 29, 641, 1667
List the prime factors of 102641452.
2, 83, 101, 3061
What are the prime factors of 7793195743?
17, 19, 24127541
List the prime factors of 62865603.
3, 97, 107, 673
What are the prime factors of 48940908?
2, 3, 4078409
What are the prime factors of 530750093?
23, 23076091
List the prime factors of 176106807.
3, 19567423
List the prime factors of 43604716.
2, 3257, 3347
List the prime factors of 233342274.
2, 3, 11, 3535489
List the prime factors of 34014894.
2, 3, 83, 167, 409
List the prime factors of 2336369887.
2336369887
What are the prime factors of 127989813?
3, 7, 870679
What are the prime factors of 791832663?
3, 87981407
List the prime factors of 274950350.
2, 5, 17, 323471
What are the prime factors of 402576128?
2, 53, 29671
List the prime factors of 70957644.
2, 3, 383, 15439
What are the prime factors of 9337293?
3, 7, 31, 683
List the prime factors of 1382467152.
2, 3, 11, 311, 8419
List the prime factors of 483478146.
2, 3, 994811
What are the prime factors of 5601873133?
17, 1951, 168899
List the prime factors of 35309015.
5, 7, 1008829
List the prime factors of 2885078752.
2, 71, 313, 4057
List the prime factors of 441390891.
3, 1307, 112571
List the prime factors of 863448012.
2, 3, 7, 6043
List the prime factors of 8580975.
3, 5, 13, 677
List the prime factors of 111527019.
3, 197, 62903
What are the prime factors of 891463608?
2, 3, 7, 1009, 1753
List the prime factors of 1628593070.
2, 5, 13, 821, 15259
List the prime factors of 8733398154.
2, 3, 13, 47, 2382269
What are the prime factors of 169483713?
3, 7, 8070653
What are the prime factors of 209722866?
2, 3, 34953811
What are the prime factors of 71925677?
3967, 18131
What are the prime factors of 12802612?
2, 47, 68099
List the prime factors of 580956824.
2, 7, 10374229
What are the prime factors of 27686853?
3, 341813
List the prime factors of 3247524719.
29, 111983611
What are the prime factors of 27099399?
3, 9033133
What are the prime factors of 259189881?
3, 331, 261017
List the prime factors of 163756399.
7537, 21727
List the prime factors of 607263946.
2, 303631973
List the prime factors of 46916347.
46916347
List the prime factors of 65212914.
2, 3, 13, 836063
List the prime factors of 572581291.
572581291
What are the prime factors of 59684740?
2, 5, 2984237
What are the prime factors of 1192440829?
139, 8578711
List the prime factors of 2242752.
2, 3, 11681
What are the prime factors of 136724396?
2, 3923, 8713
List the prime factors of 27814640.
2, 5, 7, 49669
What are the prime factors of 21696341?
109, 199049
What are the prime factors of 6571755793?
12757, 515149
What are the prime factors of 156884526?
2, 3, 968423
List the prime factors of 18668583.
3, 19, 151, 241
List the prime factors of 21415160.
2, 5, 13, 41183
What are the prime factors of 2431622916?
2, 3, 41, 163, 1123
What are the prime factors of 3143096912?
2, 103, 139, 13721
List the prime factors of 907336046.
2, 453668023
List the prime factors of 991036582.
2, 31, 15984461
List the prime factors of 18614726.
2, 13, 47, 15233
What are the prime factors of 4482518589?
3, 19, 271, 1697
List the prime factors of 704985088.
2, 344231
What are the prime factors of 61339477?
373, 164449
What are the prime factors of 345462388?
2, 31, 2785987
What are the prime factors of 249813745?
5, 49962749
What are the prime factors of 6351696693?
3, 705744077
List the prime factors of 7980671830.
2, 5, 89, 797, 11251
List the prime factors of 3797472637.
7, 59, 331, 27779
List the prime factors of 46313475.
3, 5, 13, 47501
What are the prime factors of 6071713267?
29, 209369423
List the prime factors of 232609808.
2, 14538113
What are the prime factors of 170529929?
37, 4608917
What are the prime factors of 6442546430?
2, 5, 13291, 48473
List the prime factors of 66769407.
3, 197, 12553
List the prime factors of 40075914.
2, 3, 43, 155333
List the prime factors of 687853783.
673, 1022071
What are the prime factors of 4053862211?
7, 17, 19, 59, 30389
What are the prime factors of 131932442?
2, 1663, 39667
List the prime factors of 492377039.
7, 11, 19, 48079
What are the prime factors of 379280204?
2, 19, 4990529
What are the prime factors of 83280861?
3, 23, 53, 7591
What are the prime factors of 219137095?
5, 43827419
What are the prime factors of 113845486?
2, 109, 522227
List the prime factors of 78760626.
2, 3, 7, 17, 47, 2347
List the prime factors of 3509749757.
241, 1627, 8951
What are the prime factors of 7645558697?
7, 7243, 150797
List the prime factors of 36886302.
2, 3, 191, 10729
List the prime factors of 220603549.
220603549
List the prime factors of 465251867.
97, 4796411
List the prime factors of 2197109945.
5, 439421989
List the prime factors of 456189983.
37, 1171, 10529
What are the prime factors of 131803860?
2, 3, 5, 2196731
List the prime factors of 438754318.
2, 219377159
List the prime factors of 10002445.
5, 43, 46523
List the prime factors of 8564248.
2, 7, 11, 13903
List the prime factors of 338203679.
11, 1409, 21821
What are the prime factors of 5662698622?
2, 7, 73, 791543
List the prime factors of 1998776643.
3, 379, 1757939
What are the prime factors of 1954638048?
2, 3, 11, 29, 83, 769
What are the prime factors of 31206365?
5, 1039, 6007
What are the prime factors of 20224496?
2, 37, 127, 269
What are the prime factors of 1395354163?
7, 173, 1152233
List the prime factors of 1082235832.
2, 53, 103, 24781
What are the prime factors of 845070740?
2, 5, 42253537
List the prime factors of 3576010382.
2, 7, 53, 163, 29567
What are the prime factors of 482747605?
5, 96549521
List the prime factors of 469509697.
469509697
What are the prime factors of 34629267?
3, 19, 607531
What are the prime factors of 56939788?
2, 1979, 7193
List the prime factors of 163250226.
2, 3, 1433, 6329
What are the prime factors of 554557854?
2, 3, 71, 1301779
List the prime factors of 132643954.
2, 66321977
List the prime factors of 772377023.
11, 70216093
What are the prime factors of 501946899?
3, 83, 2015851
What are the prime factors of 92073013?
71, 1296803
List the prime factors of 47475502.
2, 83, 285997
What are the prime factors of 2125879329?
3, 7, 7393, 13693
What are the prime factors of 934045728?
2, 3, 7, 11, 126359
List the prime factors of 240841409.
43, 5600963
What are the prime factors of 30585520?
2, 5, 7, 54617
List the prime factors of 436373345.
5, 67, 1302607
What are the prime factors of 52777980?
2, 3, 5, 32579
List the prime factors of 37084216.
2, 13, 356579
What are the prime factors of 376314898?
2, 509, 369661
List the prime factors of 123657726.
2, 3, 1447, 14243
List the prim